{"id":1344,"date":"2020-06-07T09:18:32","date_gmt":"2020-06-07T05:18:32","guid":{"rendered":"https:\/\/restonsunis.com\/?page_id=1344"},"modified":"2020-06-07T09:18:34","modified_gmt":"2020-06-07T05:18:34","slug":"salon-paille-en-queue","status":"publish","type":"page","link":"https:\/\/restonsunis.com\/index.php\/salon-paille-en-queue\/","title":{"rendered":"Salon Paille en queue"},"content":{"rendered":"\n<h2 class=\"wp-block-heading\">Rejoindre le salon<\/h2>\n\n\n\n<div class=\"wp-block-media-text alignwide is-stacked-on-mobile\"><figure class=\"wp-block-media-text__media\"><img loading=\"lazy\" decoding=\"async\" width=\"289\" height=\"217\" src=\"https:\/\/restonsunis.com\/wp-content\/uploads\/2020\/06\/photo_oiseau_portrait_16.jpg\" alt=\"\" class=\"wp-image-1345\"\/><\/figure><div class=\"wp-block-media-text__content\">\n<p>\ud83d\udcbb\u00a0<strong>Visioconf\u00e9rence<\/strong><br><a rel=\"noreferrer noopener\" href=\"http:\/\/meet.google.com\/iou-wrkf-zwc\" target=\"_blank\">http:\/\/meet.google.com\/iou-wrkf-zwc<\/a><\/p>\n\n\n\n<p><strong>\u260e 01 73 08 31 91<\/strong><br>Code : 937 429 030 6577#<\/p>\n<\/div><\/div>\n\n\n\n<h2 class=\"wp-block-heading\">Paille en queue<\/h2>\n\n\n\n<h5 class=\"wp-block-heading\">IDENTIFICATION<\/h5>\n\n\n\n<p>Le Paille-En-Queue \u00e0 Brins Blancs (Phaethon lepturus) que l\u2019on voit un peu partout \u00e0 La R\u00e9union est la plus petite des trois esp\u00e8ces de Pailles-En-Queue existantes au monde. Les deux autres esp\u00e8ces sont le Paille-En-Queue \u00e0 Bec Rouge (Phaethon aethereus) et le Paille-En-Queue \u00e0 Brins Rouges (Phaethon rubricauda). Six sous-esp\u00e8ces de Paille-En-Queue \u00e0 Brins Blancs sont reconnues dont trois sont pr\u00e9sentes dans l\u2019Oc\u00e9an Indien : le Phaethon lepturus lepturus ( Daudin, 1802 &#8211; Oc\u00e9an Indien), le Phaethon lepturus fulvus ( Brandt, 1840 \u2013 Ile \u00ab Christmas \u00bb &#8211; Oc\u00e9an Indien) &amp; le Phaethon lepturus europae (Le Corre et Jouvenin &#8211; Europa). Pas de dimorphisme sexuel. ADULTES : t\u00eate blanche avec un \u00ab sourcil \u00bb noir en travers de l\u2019\u0153il ; bec pointu jaune ; iris brun fonc\u00e9 ; corps blanc avec des \u00e9tendues de noir sur le dos et les r\u00e9miges primaires ; queue blanche prolong\u00e9e par deux tr\u00e8s longues rectrices blanches au rachis noir. IMMATURES : partie sup\u00e9rieure blanche stri\u00e9e de noir (mais avec cependant des stries plus grossi\u00e8res que celles des Pailles-En-Queue juv\u00e9niles des deux autres esp\u00e8ces) ; partie inf\u00e9rieure blanche ; bec pointu noir\u00e2tre s\u2019\u00e9claircissant \u00e0 mesure que le juv\u00e9nile grand\u00eet ; queue blanche \u00e0 extr\u00e9mit\u00e9 noire mais absence de rectrices. Les sous-esp\u00e8ces sont s\u00e9par\u00e9es par la taille et la quantit\u00e9 de noir sur les r\u00e9miges primaires. Le \u00ab fulvus \u00bb a le plumage teint\u00e9 \u00ab abricot dor\u00e9 \u00bb soutenu.<\/p>\n\n\n\n<h5 class=\"wp-block-heading\">HABITAT<\/h5>\n\n\n\n<p>Esp\u00e8ce pr\u00e9sente dans toutes les zones tropicales et subtropicales de la plan\u00e8te. Principalement p\u00e9lagique mais, par endroits, fr\u00e9quente plus les c\u00f4tes que les autres Pailles-En-Queue, plus sp\u00e9cialement pour se nourrir.<\/p>\n\n\n\n<p><strong>Fiche SEOR : <\/strong><a href=\"https:\/\/www.seor.fr\/fiche_oiseau.php?id=16\">https:\/\/www.seor.fr\/fiche_oiseau.php?id=16<\/a><\/p>\n\n\n\n<figure class=\"wp-block-gallery columns-3 is-cropped wp-block-gallery-1 is-layout-flex wp-block-gallery-is-layout-flex\"><ul class=\"blocks-gallery-grid\"><li class=\"blocks-gallery-item\"><figure><img loading=\"lazy\" decoding=\"async\" width=\"800\" height=\"600\" src=\"https:\/\/restonsunis.com\/wp-content\/uploads\/2020\/06\/photo_oiseau_31_800.jpg\" alt=\"\" data-id=\"1346\" data-link=\"https:\/\/restonsunis.com\/?attachment_id=1346\" class=\"wp-image-1346\" srcset=\"https:\/\/restonsunis.com\/wp-content\/uploads\/2020\/06\/photo_oiseau_31_800.jpg 800w, https:\/\/restonsunis.com\/wp-content\/uploads\/2020\/06\/photo_oiseau_31_800-300x225.jpg 300w, https:\/\/restonsunis.com\/wp-content\/uploads\/2020\/06\/photo_oiseau_31_800-768x576.jpg 768w\" sizes=\"auto, (max-width: 800px) 100vw, 800px\" \/><\/figure><\/li><li class=\"blocks-gallery-item\"><figure><img loading=\"lazy\" decoding=\"async\" width=\"800\" height=\"565\" src=\"https:\/\/restonsunis.com\/wp-content\/uploads\/2020\/06\/photo_oiseau_606_800.jpg\" alt=\"\" data-id=\"1347\" data-link=\"https:\/\/restonsunis.com\/?attachment_id=1347\" class=\"wp-image-1347\" srcset=\"https:\/\/restonsunis.com\/wp-content\/uploads\/2020\/06\/photo_oiseau_606_800.jpg 800w, https:\/\/restonsunis.com\/wp-content\/uploads\/2020\/06\/photo_oiseau_606_800-300x212.jpg 300w, https:\/\/restonsunis.com\/wp-content\/uploads\/2020\/06\/photo_oiseau_606_800-768x542.jpg 768w\" sizes=\"auto, (max-width: 800px) 100vw, 800px\" \/><\/figure><\/li><li class=\"blocks-gallery-item\"><figure><img loading=\"lazy\" decoding=\"async\" width=\"800\" height=\"531\" src=\"https:\/\/restonsunis.com\/wp-content\/uploads\/2020\/06\/photo_oiseau_579_800.jpg\" alt=\"\" data-id=\"1348\" data-full-url=\"https:\/\/restonsunis.com\/wp-content\/uploads\/2020\/06\/photo_oiseau_579_800.jpg\" data-link=\"https:\/\/restonsunis.com\/?attachment_id=1348\" class=\"wp-image-1348\" srcset=\"https:\/\/restonsunis.com\/wp-content\/uploads\/2020\/06\/photo_oiseau_579_800.jpg 800w, https:\/\/restonsunis.com\/wp-content\/uploads\/2020\/06\/photo_oiseau_579_800-300x199.jpg 300w, https:\/\/restonsunis.com\/wp-content\/uploads\/2020\/06\/photo_oiseau_579_800-768x510.jpg 768w\" sizes=\"auto, (max-width: 800px) 100vw, 800px\" \/><\/figure><\/li><\/ul><\/figure>\n\n\n\n<figure class=\"wp-block-embed-youtube wp-block-embed is-type-video is-provider-youtube wp-embed-aspect-16-9 wp-has-aspect-ratio\"><div class=\"wp-block-embed__wrapper\">\n<iframe loading=\"lazy\" title=\"Vols de paille en queue \u00e0 Manapany ti coin charmant\" width=\"770\" height=\"433\" src=\"https:\/\/www.youtube.com\/embed\/bstGuymhbUY?feature=oembed\" frameborder=\"0\" allow=\"accelerometer; autoplay; clipboard-write; encrypted-media; gyroscope; picture-in-picture\" allowfullscreen><\/iframe>\n<\/div><\/figure>\n","protected":false},"excerpt":{"rendered":"<p>Rejoindre le salon \ud83d\udcbb\u00a0Visioconf\u00e9rencehttp:\/\/meet.google.com\/iou-wrkf-zwc \u260e 01 73 08 31 91Code : 937 429 030 6577# Paille en&hellip;<\/p>\n","protected":false},"author":1,"featured_media":0,"parent":0,"menu_order":0,"comment_status":"closed","ping_status":"closed","template":"","meta":{"footnotes":""},"class_list":["post-1344","page","type-page","status-publish","hentry"],"_links":{"self":[{"href":"https:\/\/restonsunis.com\/index.php\/wp-json\/wp\/v2\/pages\/1344","targetHints":{"allow":["GET"]}}],"collection":[{"href":"https:\/\/restonsunis.com\/index.php\/wp-json\/wp\/v2\/pages"}],"about":[{"href":"https:\/\/restonsunis.com\/index.php\/wp-json\/wp\/v2\/types\/page"}],"author":[{"embeddable":true,"href":"https:\/\/restonsunis.com\/index.php\/wp-json\/wp\/v2\/users\/1"}],"replies":[{"embeddable":true,"href":"https:\/\/restonsunis.com\/index.php\/wp-json\/wp\/v2\/comments?post=1344"}],"version-history":[{"count":1,"href":"https:\/\/restonsunis.com\/index.php\/wp-json\/wp\/v2\/pages\/1344\/revisions"}],"predecessor-version":[{"id":1349,"href":"https:\/\/restonsunis.com\/index.php\/wp-json\/wp\/v2\/pages\/1344\/revisions\/1349"}],"wp:attachment":[{"href":"https:\/\/restonsunis.com\/index.php\/wp-json\/wp\/v2\/media?parent=1344"}],"curies":[{"name":"wp","href":"https:\/\/api.w.org\/{rel}","templated":true}]}}