{"id":987,"date":"2020-05-09T08:15:58","date_gmt":"2020-05-09T04:15:58","guid":{"rendered":"https:\/\/restonsunis.com\/?page_id=987"},"modified":"2020-05-09T08:16:00","modified_gmt":"2020-05-09T04:16:00","slug":"cours-en-ligne","status":"publish","type":"page","link":"https:\/\/restonsunis.com\/index.php\/cours-en-ligne\/","title":{"rendered":"Cours en ligne"},"content":{"rendered":"\n<div class=\"wpforms-container wpforms-container-full\" id=\"wpforms-986\"><form id=\"wpforms-form-986\" class=\"wpforms-validate wpforms-form\" data-formid=\"986\" method=\"post\" enctype=\"multipart\/form-data\" action=\"\/index.php\/wp-json\/wp\/v2\/pages\/987\" data-token=\"e8f898096aed79d1331fbdeb134f10f4\"><noscript class=\"wpforms-error-noscript\">Veuillez activer JavaScript dans votre navigateur pour remplir ce formulaire.<\/noscript><div class=\"wpforms-field-container\"><div id=\"wpforms-986-field_0-container\" class=\"wpforms-field wpforms-field-name\" data-field-id=\"0\"><label class=\"wpforms-field-label\" for=\"wpforms-986-field_0\">Nom <span class=\"wpforms-required-label\">*<\/span><\/label><div class=\"wpforms-field-row wpforms-field-medium\"><div class=\"wpforms-field-row-block wpforms-first wpforms-one-half\"><input type=\"text\" id=\"wpforms-986-field_0\" class=\"wpforms-field-name-first wpforms-field-required\" name=\"wpforms[fields][0][first]\" required><label for=\"wpforms-986-field_0\" class=\"wpforms-field-sublabel after \">Pr\u00e9nom<\/label><\/div><div class=\"wpforms-field-row-block wpforms-one-half\"><input type=\"text\" id=\"wpforms-986-field_0-last\" class=\"wpforms-field-name-last wpforms-field-required\" name=\"wpforms[fields][0][last]\" required><label for=\"wpforms-986-field_0-last\" class=\"wpforms-field-sublabel after \">Nom<\/label><\/div><\/div><\/div><div id=\"wpforms-986-field_1-container\" class=\"wpforms-field wpforms-field-email\" data-field-id=\"1\"><label class=\"wpforms-field-label\" for=\"wpforms-986-field_1\">E-mail <span class=\"wpforms-required-label\">*<\/span><\/label><input type=\"email\" id=\"wpforms-986-field_1\" class=\"wpforms-field-medium wpforms-field-required\" name=\"wpforms[fields][1]\" required><\/div><div id=\"wpforms-986-field_6-container\" class=\"wpforms-field wpforms-field-text\" data-field-id=\"6\"><label class=\"wpforms-field-label\" for=\"wpforms-986-field_6\">En dire plus sur moi (facultatif)<\/label><input type=\"text\" id=\"wpforms-986-field_6\" class=\"wpforms-field-medium\" name=\"wpforms[fields][6]\" ><\/div><div id=\"wpforms-986-field_3-container\" class=\"wpforms-field wpforms-field-checkbox\" data-field-id=\"3\"><label class=\"wpforms-field-label\" for=\"wpforms-986-field_3\">Cases \u00e0 cocher<\/label><ul id=\"wpforms-986-field_3\"><li class=\"choice-1 depth-1\"><input type=\"checkbox\" id=\"wpforms-986-field_3_1\" name=\"wpforms[fields][3][]\" value=\"Herm\u00e9neutique (L\u2019art d\u2019interpr\u00e9ter les Saintes Ecritures)\"  ><label class=\"wpforms-field-label-inline\" for=\"wpforms-986-field_3_1\">Herm\u00e9neutique (L\u2019art d\u2019interpr\u00e9ter les Saintes Ecritures)<\/label><\/li><li class=\"choice-3 depth-1\"><input type=\"checkbox\" id=\"wpforms-986-field_3_3\" name=\"wpforms[fields][3][]\" value=\"Initiation aux langues bibliques\"  ><label class=\"wpforms-field-label-inline\" for=\"wpforms-986-field_3_3\">Initiation aux langues bibliques<\/label><\/li><\/ul><\/div><div id=\"wpforms-986-field_5-container\" class=\"wpforms-field wpforms-field-checkbox\" data-field-id=\"5\"><label class=\"wpforms-field-label\" for=\"wpforms-986-field_5\">Utilisation des donn\u00e9es <span class=\"wpforms-required-label\">*<\/span><\/label><ul id=\"wpforms-986-field_5\" class=\"wpforms-field-required\"><li class=\"choice-1 depth-1\"><input type=\"checkbox\" id=\"wpforms-986-field_5_1\" name=\"wpforms[fields][5][]\" value=\"J&#039;accepte que les donn\u00e9es transmises soient stock\u00e9es et utilis\u00e9es uniquement dans le cadre de l&#039;organisation des cours en ligne.\" required ><label class=\"wpforms-field-label-inline\" for=\"wpforms-986-field_5_1\">J'accepte que les donn\u00e9es transmises soient stock\u00e9es et utilis\u00e9es uniquement dans le cadre de l'organisation des cours en ligne.<\/label><\/li><\/ul><\/div><\/div><div class=\"wpforms-field wpforms-field-hp\"><label for=\"wpforms-986-field-hp\" class=\"wpforms-field-label\">Email<\/label><input type=\"text\" name=\"wpforms[hp]\" id=\"wpforms-986-field-hp\" class=\"wpforms-field-medium\"><\/div><div class=\"wpforms-submit-container\"><input type=\"hidden\" name=\"wpforms[id]\" value=\"986\"><input type=\"hidden\" name=\"wpforms[author]\" value=\"1\"><button type=\"submit\" name=\"wpforms[submit]\" id=\"wpforms-submit-986\" class=\"wpforms-submit\" data-alt-text=\"Envoi...\" data-submit-text=\"Envoyer\" aria-live=\"assertive\" value=\"wpforms-submit\">Envoyer<\/button><\/div><\/form><\/div>  <!-- .wpforms-container -->\n","protected":false},"excerpt":{"rendered":"","protected":false},"author":1,"featured_media":0,"parent":0,"menu_order":0,"comment_status":"closed","ping_status":"closed","template":"","meta":{"footnotes":""},"class_list":["post-987","page","type-page","status-publish","hentry","no-margin"],"_links":{"self":[{"href":"https:\/\/restonsunis.com\/index.php\/wp-json\/wp\/v2\/pages\/987","targetHints":{"allow":["GET"]}}],"collection":[{"href":"https:\/\/restonsunis.com\/index.php\/wp-json\/wp\/v2\/pages"}],"about":[{"href":"https:\/\/restonsunis.com\/index.php\/wp-json\/wp\/v2\/types\/page"}],"author":[{"embeddable":true,"href":"https:\/\/restonsunis.com\/index.php\/wp-json\/wp\/v2\/users\/1"}],"replies":[{"embeddable":true,"href":"https:\/\/restonsunis.com\/index.php\/wp-json\/wp\/v2\/comments?post=987"}],"version-history":[{"count":2,"href":"https:\/\/restonsunis.com\/index.php\/wp-json\/wp\/v2\/pages\/987\/revisions"}],"predecessor-version":[{"id":1101,"href":"https:\/\/restonsunis.com\/index.php\/wp-json\/wp\/v2\/pages\/987\/revisions\/1101"}],"wp:attachment":[{"href":"https:\/\/restonsunis.com\/index.php\/wp-json\/wp\/v2\/media?parent=987"}],"curies":[{"name":"wp","href":"https:\/\/api.w.org\/{rel}","templated":true}]}}